e units digit of b?
6
Let d(f) = -f - 5. Let u be d(-8). Let w = -15 + 23. Suppose u*j - w*j = -175. What is the units digit of j?
5
Suppose 104 = 2*f - 110. Suppose 283 + f = 5*s. What is the units digit of s?
8
Let i = -5 + 11. Let k be (-2493)/(-54) + (-1)/i. Suppose -g + k = g. What is the tens digit of g?
2
Let n be (0 - 6)*(-1)/2. Suppose -n - 51 = -3*x. What is the tens digit of x?
1
Let z = 789 + -292. What is the tens digit of z?
9
Let g(y) = 252*y - 349. What is the hundreds digit of g(7)?
4
Let q = 281 + -85. What is the units digit of q?
6
Let x(n) = 4*n**2 + 4*n + 2. Let d be x(4). Let g = 55 - d. What is the tens digit of (-104)/(-6) - (-9)/g?
1
Suppose 2*p - 7 - 7 = 0. Suppose -68 = -p*m + 429. What is the tens digit of m?
7
Let c be (-6)/8 - (-3)/(-12). Let y be 4/(-3 + (1 - c)). What is the units digit of 32/2 - (y + 7)?
3
Let q be 0/(-1)*9/18. Suppose q = -2*p + 66 + 78. What is the tens digit of p?
7
Let j be (-275)/(-45) + 1/(-9). Let v be 9/6 - 9/j. Suppose -5*u - 4*m + 61 = v, 0 = -3*u - 0*m - m + 31. What is the units digit of u?
9
Let w(q) = -588*q - 314. What is the tens digit of w(-4)?
3
What is the hundreds digit of ((-591)/4)/((-11)/44)?
5
Suppose 39 = 10*x - 1. What is the units digit of x - 582/(-5) - 4/10?
0
Let a = 56 + -36. Suppose 5*y + 142 = -4*m - 55, 0 = 3*m + 4*y + 148. What is the tens digit of a/(m/(-21) + -2)?
7
Let k(u) = 15*u**2 + 3*u - 35. What is the hundreds digit of k(7)?
7
Suppose 0 = -r + 5, 5*w - w = 3*r - 3. Suppose -t - w*t - 3*x = -197, t + 3*x = 56. What is the units digit of t?
7
Let k = -524 + 1195. What is the units digit of k?
1
What is the thousands digit of (8/(96/(-4)))/(1/(-4776))?
1
Let z(b) = -16*b**2 + 2 + 14*b**2 - b + b - b**3. Let u be z(-2). Suppose -5*m + 4*a + 28 = 0, u*m + 9 - 21 = 2*a. What is the units digit of m?
4
Let a = -16 - -36. Suppose -132 = -5*l + h, -4*h + 5*h = -2*l + 50. Suppose -2*w + l + a = 0. What is the tens digit of w?
2
Let k be (0 + 23)/(3/3). Let n be (-4)/(-14) + k/(-7). Let l = 3 - n. What is the units digit of l?
6
Let m = -68 - -72. What is the tens digit of (112/(-7))/(3 - m)?
1
What is the tens digit of (34 + -1)/(6/70)?
8
Suppose 2*k = -k + 5*d + 966, 5*k - 5*d - 1610 = 0. Suppose 8*w - w = k. What is the tens digit of w?
4
Let a = -162 + 70. Let d = 96 + a. What is the units digit of d?
4
Let t(k) = -k**3 + 4*k**2 + 2*k - 3. Let j be t(4). Let u(v) = 4*v - j*v - 8 - v. What is the units digit of u(-12)?
6
Suppose 2*u - 6208 = 8*q, -4*u + 7*q + 12396 = 11*q. What is the thousands digit of u?
3
Let h = 17 + -15. Let b(m) = 73*m - 10. What is the units digit of b(h)?
6
Suppose 2*v + 60 = 3*v. What is the tens digit of 434/10 - 24/v?
4
Let y(u) = 4*u + 1950. Let v be y(0). Suppose 21*m = 8*m + v. What is the units digit of m?
0
Let t = -9 + 1. Let w = 14 + t. Suppose 5*o - w*o = -8. What is the units digit of o?
8
What is the hundreds digit of (-46)/69 - -35*56/6?
3
Suppose -11 = -5*x - 2*g - 1, 3*x = 2*g + 6. Suppose 3*w + 2*u = 13, -x*w - 4*u + 10 = 4. What is the units digit of w?
5
Let k(n) be the third derivative of n**6/120 + 4*n**5/15 + 7*n**4/12 - 7*n**3/6 + 47*n**2. Let l = -23 + 8. What is the units digit of k(l)?
8
Suppose b - 292 = -z, 2*b - 608 = -z + 5*z. Suppose 3*n - 64 - b = 0. Let u = -71 + n. What is the tens digit of u?
4
Let t = -11 + 15. Let b be (-33)/(2*t/(-8)). Suppose 0 = -3*l - i + 23, 0 = 2*l + 3*l - i - b. What is the units digit of l?
7
Let s(n) = n**3 + 4*n**2 - 73. What is the units digit of s(12)?
1
Suppose 104*u = 108*u + 12. What is the units digit of (63 - u) + (-8)/2?
2
Suppose -3*b + 72 = b. Suppose -c + 4*c = 99. Let a = b + c. What is the tens digit of a?
5
Suppose -23*s + 11*s + 9120 = 0. What is the hundreds digit of s?
7
Let o(h) be the second derivative of -h**5/20 - 2*h**4/3 - 19*h**3/6 - h**2 - 11*h. What is the units digit of o(-6)?
0
Let t = -334 + 551. What is the units digit of t?
7
Let r(h) = 5*h**3 - h**2 - 13*h + 26. What is the tens digit of r(6)?
9
Let l be (-951)/(-6) - 1/(1 + 1). Let g = -91 + l. What is the units digit of g?
7
Let j = 7149 - 3809. What is the thousands digit of j?
3
Let c be (42 + 89)/(((-2)/4)/1). Let p = 396 + c. What is the tens digit of p?
3
Let v(s) = -s**2 - 6*s + 6. Let b be 4/2 + 3*-3. Let j be v(b). What is the units digit of (-4)/(-2 + j + 1)?
2
Let u(m) = m**3 - 12*m**2 + 6*m + 12. Let x = -64 + 77. What is the hundreds digit of u(x)?
2
Let i(x) = 22*x**3 + 9*x**2 - 13*x + 80. What is the hundreds digit of i(5)?
9
Let u be (-25)/2*(-18)/15. Suppose -18*i + 21*i - u = 0. What is the units digit of 0 + i + -3 + 1?
3
Let w be (1 - 1) + 12 + -10. Suppose -w*h - 226 = -4*h. What is the hundreds digit of h?
1
What is the tens digit of 7/(-7)*-369*(-4 - -21)?
7
Let q(b) = -2*b - 2. Let z be q(-9). Suppose -2*l = -8 - z. Suppose -3*r + l = -0*r. What is the units digit of r?
4
Suppose -747*p - 1393 = -754*p. What is the units digit of p?
9
Let c(s) = s - 1. Let o be c(3). Suppose -o*t = -6*t - 8. What is the tens digit of t - -2 - (-17 - -1)?
1
Let f(t) = -2*t. Let z be f(-2). Let q = 424 - 1384. What is the units digit of z/(-14) - q/28?
4
Let b be (-2)/12*34 - (-2)/(-6). Let f(t) = 2*t**3 - t**2. Let i be f(1). What is the units digit of 0/b + i*24?
4
Suppose 2*d + 17 - 5 = 0. Suppose -5*f = -l - 495, 2*f - 4*l = f + 99. What is the tens digit of ((-4)/d)/(6/f)?
1
Let z(o) be the second derivative of o**3 + 0 - 4*o + 1/20*o**5 + 7/2*o**2 + 2/3*o**4. What is the units digit of z(-7)?
4
Suppose 14*v = 23*v + 135. What is the units digit of 6/(1/9*(-9 - v))?
9
Let h = -610 + 1001. What is the tens digit of h?
9
Suppose 0 = 4*x + 307 - 115. Let n = -34 - x. Suppose -3*s = 3, -2*v = -2*s - n - 2. What is the units digit of v?
7
Suppose 0 = -233*l + 236*l - 15. Suppose -2*a + l*a - 303 = 0. What is the hundreds digit of a?
1
Let y(c) = -222*c - 194. What is the tens digit of y(-10)?
2
Let j be 15/6 + 2/4. Suppose -2*x - 1 = g, j*g = x - 26 + 9. Suppose x*v + 109 = 3*l + v, -3*l + 106 = 2*v. What is the tens digit of l?
3
Suppose w = -u + 613 - 45, -3*w = u - 1712. What is the hundreds digit of w?
5
Let t(j) be the first derivative of 10*j**3/3 + j**2/2 - 12*j + 29. What is the units digit of t(-5)?
3
Suppose -p - i + 68 = 0, p - 19 - 41 = -5*i. What is the units digit of (p/15 + -3)/((-1)/(-21))?
5
Let u(t) = -t**3 + 12*t**2 - 9*t + 5. What is the hundreds digit of u(6)?
1
Let o(y) = -y**3 - 3*y**2 + 5*y - 1. Let v(x) = -x**2 - 6*x + 3. Let k be v(-7). Let s be o(k). What is the tens digit of ((-38)/s)/((-5)/(-25))?
3
Let b be ((32 - 2)/5)/2. Suppose b*f = -3*f. Suppose -4*x + 14 = 3*g - 25, -3*x + 5*g + 22 = f. What is the units digit of x?
9
Let r = -63 - -40. Let u = 111 + r. What is the units digit of u?
8
Let m(h) = -h**3 + 17*h**2 + 16*h - 19. Let p(u) = -5*u**3 + 67*u**2 + 63*u - 77. Let z(y) = -9*m(y) + 2*p(y). What is the tens digit of z(-18)?
1
Let b = 10 + -10. Suppose -6*n + 4*n + 134 = b. What is the tens digit of n?
6
What is the units digit of (-15)/(-5) + -3 + 169?
9
Suppose -2*j = -4*j - 68. What is the units digit of j/((-4)/8*1)?
8
Suppose 3*b - 6*b + 15 = 0. What is the units digit of -14 + b + 4 + 131?
6
Let i = 668 + -409. What is the tens digit of i?
5
Let r be 1 - -62 - (-1 + 3). Suppose r = 2*g + 11. Suppose -145 = -5*f + g. What is the units digit of f?
4
Let r = 89 + -9. Let h = -19 + r. What is the tens digit of h?
6
Let u(r) = -2*r + 2. Let v be u(-3). What is the units digit of (v + 0)/(15/7 + -2)?
6
Let j = -11 - -9. Let o be (8/j + 5)*2. Suppose -o*c = -2*v - 98, 4*c - c - 4*v - 151 = 0. What is the units digit of c?
5
Let u be (-633)/9 + (-2)/(-6). Let b = u - -157. What is the tens digit of b?
8
Let u = 87 - 84. Suppose -2*a - 4*d = -326, d - 500 = -u*a + 6*d. What is the hundreds digit of a?
1
Let q be (-4 - (2 - 4)) + 130. Let p = q - 26. What is the tens digit of p?
0
Let b = 2463 - 1240. What is the hundreds digit of b?
2
Let g be -2*(3 - (-4 + 8)). Let q be -3 + (5 - -1)*g. Suppose -3*z + q = -2*z. What is the units digit of z?
9
Let m(l) = l**3 + 10*l**2 - l - 14. Let o be m(-10). Let q be o/(-4)*10/2. What is the units digit of ((-18)/q)/(4/(-20))?
8
Suppose 97 = -6*a + 931. Let c = -51 + a. What is the units digit of c?
8
Suppo